q(r) = 3*r**2 - 4*r + 43. What is the remainder when q(-7) is divided by 17?
14
Let w(u) = 7*u**2 - 61*u + 1. Calculate the remainder when 47 is divided by w(9).
9
Let q(h) = 2*h. Calculate the remainder when ((-208)/78)/(((-5)/24)/5) is divided by q(11).
20
Suppose 4*h - 54 = 334. What is the remainder when h is divided by -6*(2/4)/(6/(-28))?
13
Suppose 2*d + 11 = 17. Suppose d*a = 2*k + 4*a - 4, 8 = -4*a. Suppose 37 = 5*b - y, k*b - 3*y = 2*b - 1. Calculate the remainder when 22 is divided by b.
6
Suppose -3*b + 3 = -3, -2*u = -b - 194. Let n = 596 + -430. Suppose -n = -6*v + u. Calculate the remainder when v is divided by 15.
14
Let s = -21 + 23. Suppose -s*j + 610 = 3*n, 0*j + 1026 = 5*n + j. What is the remainder when n is divided by 16?
14
Let g = 22 + 14. Suppose g*t = 32*t + 216. Calculate the remainder when t is divided by 19.
16
Let q(w) = 5*w**3 + 2*w**2 - 3*w - 3. What is the remainder when 151 is divided by q(2)?
34
Suppose 11*z + 219 - 1506 = 0. What is the remainder when z is divided by 40?
37
Let k(i) be the second derivative of -i**4/12 - i**3/3 + i**2 - 2*i. Let m be k(2). Calculate the remainder when (-2)/m + (-256)/(-6) is divided by 11.
10
Let f(q) = -q - 1. Let v(t) = -t**2 + 12*t - 2. Let h(i) = 5*f(i) + v(i). Let g be h(5). Let c = g - -1. What is the remainder when c is divided by 2?
0
Let h be (87 - -2)*(12 - 6 - 5). Suppose -p + 298 = 3*v + h, -2*v = 5*p - 148. What is the remainder when v is divided by 12?
9
Suppose 5*n - 5*c = 45, -33 - 20 = -5*n - 3*c. Let h(m) = 8 - 14 + n + 3*m. What is the remainder when 25 is divided by h(3)?
12
Suppose -3*s - 78 = -p, 11*p + 4*s - 146 = 9*p. Let n = 38 + -27. What is the remainder when p is divided by n?
9
Let i be (3/(-9))/((-10)/30). Calculate the remainder when 30 is divided by (-7 + i)/((-3)/8).
14
Let h(y) = y**3 + 13*y**2 + y + 20. Suppose 4*f + 0*f - 16 = 0. Suppose 2*o - o = f. Calculate the remainder when h(-13) is divided by o.
3
Let r(s) be the second derivative of -5*s**3/6 - 13*s**2/2 + 28*s. What is the remainder when r(-7) is divided by 14?
8
Suppose -2*f + 0 = -4*l - 58, f - 71 = 5*l. Suppose -4*g + 3*s = -25, 3*s + 0*s - 38 = -5*g. What is the remainder when g is divided by -4 - l*5/10?
1
Let c(k) = -2*k - 16. Let r be c(-17). Suppose -r*d = -0*d - 162. What is the remainder when 26 is divided by d?
8
Let n(h) = -h - 11. Let y be n(6). Let p(r) = -r**3 - 16*r**2 + 18*r + 24. Let o(l) = l**2 - 3*l - 10. What is the remainder when o(7) is divided by p(y)?
4
Suppose 0 = 4*q - g - 641, 0 = 2*q - 0*g + 5*g - 337. Calculate the remainder when q is divided by 27.
26
Let f be 3 + 6/((-744)/374 + 2). Suppose 931 = 5*v + 4*l, 3*v = 3*l - 0*l + f. What is the remainder when v is divided by 21?
19
Let p(t) = 2*t - 3. Let b be (-6)/15 + 22/5. Let z be p(b). Suppose 4*g + z*w - 114 + 17 = 0, 3*g + w = 59. Calculate the remainder when 52 is divided by g.
16
Let b = -6 + 11. Suppose -3*n = 5*g - 37, -2*g + 2*n + 3 - 1 = 0. Suppose 5*a - 6 = -r + g, -r = a + 1. Calculate the remainder when b is divided by a.
2
Suppose 0 = -4*v - 5*f + 108, 2*f - 5*f - 81 = -3*v. Suppose -3*j + j + 5*l = -v, j + 3*l - 41 = 0. Calculate the remainder when j is divided by 9.
8
Let n be 48/(-27) - (-2)/(-9). What is the remainder when 27 is divided by (10 - 20)/(n - -1)?
7
Let q = -430 + 615. Calculate the remainder when q is divided by (-3)/60*-4 + 468/10.
44
Let y(t) = t**3 - 6*t**2 + 4*t - 7. Let i be y(6). Suppose 0*o + i = 3*o - m, 0 = -5*o - 4*m. What is the remainder when 10 is divided by o?
2
Suppose -285*s = -286*s + 6. Let n = 6 + 28. What is the remainder when n is divided by s?
4
Suppose 22 = u - b, 17 = 3*u + 3*b - 19. What is the remainder when 59*1*(-30)/(-15) is divided by u?
16
Let v = 24 + -13. Let d be (-26)/(-6) - (-23)/(-69). Suppose 40 = d*y + 16. Calculate the remainder when v is divided by y.
5
Let p = -8 + -74. Let a = -68 - p. What is the remainder when 52 is divided by a?
10
Let j(d) = d**3 + 12*d**2 - 15*d - 19. Let u be j(-13). Let q(b) = u*b + 6*b**2 - 3*b + 4 - b**2. What is the remainder when q(-3) is divided by 10?
7
Let z = 867 + -646. What is the remainder when z is divided by 46?
37
Suppose 5*a = s + 10, -3*a + a = -s + 2. Suppose b = -7 + 1. What is the remainder when (-4)/b*(-174)/(-4) is divided by s?
9
Suppose -107 = -6*n + 37. Suppose x + 10 + 8 = 3*q, 4*q - 2*x = n. Calculate the remainder when 9 is divided by q.
3
Suppose -7*w + 10 = -2*w. Suppose -l + 5 = -t, 6 = 2*l - t - w. Calculate the remainder when l is divided by (-5)/(75/(-9)) - (-12)/5.
0
Let o(j) = -3*j - 4. Let v be o(-2). Suppose v*s - 6*s = 5*n, s = 0. Let f = n - -5. What is the remainder when 18 is divided by f?
3
Let k(x) be the first derivative of -x**4/4 + 2*x**3 + 4*x**2 - 7*x - 1. Let f = 145 - 140. What is the remainder when k(f) is divided by 15?
13
Suppose 5*h = 2*b - 3*b + 116, 0 = -h + 3*b + 36. Calculate the remainder when 477 is divided by h.
21
Suppose -3*k - 5*p = -5*k + 358, -559 = -3*k + 2*p. Calculate the remainder when (36/7)/(9/k) is divided by 37.
34
Let g = -35 + 195. Let t = g - 67. Calculate the remainder when t is divided by 19.
17
Let l = 100 - 59. Let j = 59 - l. Suppose -1 = 5*v - 51. Calculate the remainder when j is divided by v.
8
Suppose -6*g + 3*i = -g - 30, 3*g - 34 = 5*i. Suppose g*k + 2*k = -4*a + 152, k = 5*a - 161. Calculate the remainder when a is divided by 17.
16
Let p(q) = -q**2 + 19*q + 13. Let s be (0*3/9)/(-1). Suppose 4*t - 44 - 20 = s. Calculate the remainder when p(17) is divided by t.
15
Let g = -63 + 132. Let q(r) = -r. Calculate the remainder when g/(-2)*(-2)/3 is divided by q(-6).
5
Let k(x) = -30*x - 41. What is the remainder when k(-12) is divided by 23?
20
Let o = 198 + -160. Calculate the remainder when 109 is divided by o.
33
Let o = 319 + -209. What is the remainder when o is divided by 14?
12
Suppose -4*i + 49 = -11. Let w be 1/(3 - 4) + i. Let p = w - 11. What is the remainder when 7 is divided by p?
1
Suppose 2457 = 4*x + 5*s, 28*x - 3055 = 23*x - 3*s. What is the remainder when x is divided by 7?
6
Let p(f) = f**3 + 13*f**2 + 10*f - 19. Let v be p(-12). Suppose -z + 17 = d - 5, -v*d - 34 = -3*z. What is the remainder when 49 is divided by z?
13
Let i = -862 + 997. Calculate the remainder when i is divided by 9.
0
Suppose -5*h + 52 = 3*r, -r = -2*h - 5 - 5. Calculate the remainder when 557 is divided by r.
11
Suppose -13*d + 14*d = 2. Suppose -2*x + 4*w = d*x - 172, -4*x + 160 = 2*w. What is the remainder when 79 is divided by x?
38
Let z = 51 + -36. Let w(h) = 3*h + 2. Let g be w(2). Let y = 12 - g. Calculate the remainder when z is divided by y.
3
Suppose 0 = -3*u - 43 + 34. Let a = 52 + u. Let d(s) = 26*s - 1. Calculate the remainder when a is divided by d(1).
24
Let v(z) = -6*z**2 + 2*z + 958. What is the remainder when v(0) is divided by 8?
6
Let d be 6/4*(-220)/30. Let l = -4 - d. Let c(a) = a**2 + 1. What is the remainder when l is divided by c(1)?
1
Suppose -5*a + 12 = k - 3*a, 3 = 3*a. What is the remainder when 3/((9/87)/1) is divided by k?
9
Let k(b) = 3*b**2 - 4*b + 5. Suppose -2*x - 5*v = -53, 0 = -2*x - 4*v - 8 + 66. Calculate the remainder when x is divided by k(3).
19
Let i(o) be the first derivative of -o**4/4 + o**3 + 5*o**2/2 - 2. Let m be i(4). Suppose -17 = -m*d + 67. Calculate the remainder when 81 is divided by d.
18
Suppose 2*r + 2*h - 10 = 0, 5*r - 9 = -9*h + 12*h. What is the remainder when 58 is divided by r?
1
Let j(a) = 2*a**2 - 1. Let k be j(1). Calculate the remainder when 53 + (0 - k)/(-1) is divided by 14.
12
Let j be 3*((-1)/3 - (-26)/(-6)). Let y = j - -150. What is the remainder when y is divided by 23?
21
Let d be 2*4*14/4. Let p = d + -12. Let q(i) = i**3 + 10*i**2 - 16*i - 10. Calculate the remainder when q(-11) is divided by p.
13
Suppose -i + 2*x + 192 = 4*i, 4*i - 148 = 3*x. Suppose 3*r = i + 92. What is the remainder when r is divided by 0/3 + -2 - -11?
8
Let s be (1*-3)/((-3)/(-2)). Suppose -2*a + 125 = 3*a. Calculate the remainder when a is divided by ((-27)/(-6))/((-1)/s).
7
Let s = -5 + 22. Let r = s - 11. Suppose -r*a - 147 = -9*a. Calculate the remainder when a is divided by 13.
10
Let s(d) = 82*d - 455. What is the remainder when 55 is divided by s(6)?
18
What is the remainde